{"id":187,"date":"2021-11-05T11:00:18","date_gmt":"2021-11-05T10:00:18","guid":{"rendered":"https:\/\/krakowremonty.pl\/?page_id=187"},"modified":"2022-11-30T11:17:44","modified_gmt":"2022-11-30T10:17:44","slug":"wypozyczalnia-sprzetu","status":"publish","type":"page","link":"https:\/\/krakowremonty.pl\/index.php\/wypozyczalnia-sprzetu\/","title":{"rendered":"Wypo\u017cyczalnia sprz\u0119tu"},"content":{"rendered":"\n<figure class=\"wp-block-image size-large\"><img loading=\"lazy\" decoding=\"async\" width=\"1024\" height=\"768\" src=\"https:\/\/krakowremonty.pl\/wp-content\/uploads\/2022\/04\/pexels-tima-miroshnichenko-6474343-1024x768.jpg\" alt=\"\" class=\"wp-image-483\" srcset=\"https:\/\/krakowremonty.pl\/wp-content\/uploads\/2022\/04\/pexels-tima-miroshnichenko-6474343-1024x768.jpg 1024w, https:\/\/krakowremonty.pl\/wp-content\/uploads\/2022\/04\/pexels-tima-miroshnichenko-6474343-300x225.jpg 300w, https:\/\/krakowremonty.pl\/wp-content\/uploads\/2022\/04\/pexels-tima-miroshnichenko-6474343-768x576.jpg 768w, https:\/\/krakowremonty.pl\/wp-content\/uploads\/2022\/04\/pexels-tima-miroshnichenko-6474343-1536x1152.jpg 1536w, https:\/\/krakowremonty.pl\/wp-content\/uploads\/2022\/04\/pexels-tima-miroshnichenko-6474343-2048x1536.jpg 2048w, https:\/\/krakowremonty.pl\/wp-content\/uploads\/2022\/04\/pexels-tima-miroshnichenko-6474343-640x480.jpg 640w\" sizes=\"auto, (max-width: 1024px) 100vw, 1024px\" \/><\/figure>\n\n\n\n<hr class=\"wp-block-separator has-css-opacity is-style-dots\"\/>\n\n\n\n<p>Gdyby\u015b, jednak, chcia\u0142\/a zrobi\u0107 co\u015b samemu, bez naszej pomocy, mamy dla Ciebie sprz\u0119t potrzebny na ka\u017cdy etapie budowy. Oferta skierowana jest zar\u00f3wno do ekip budowlanych, kt\u00f3re nie posiadaj\u0105 w\u0142asnego sprz\u0119tu, ale r\u00f3wnie\u017c, do inwestor\u00f3w, kt\u00f3rzy chc\u0105 indywidualnie systemem gospodarczym zrealizowa\u0107 budow\u0119 wymarzonego domu.<\/p>\n\n\n\n<p>Do Waszej dyspozycji oddajemy:<br>* Betoniarki<br>* Stemple<br>* Rusztowania<br>* Agregaty tynkarskie<br>* Cykliniarki<br>* Zag\u0119szczarki<br>* Drabiny<br><\/p>\n\n\n\n<p>Ponad to, dysponujemy kontenerami socjalno-magazynowymi w ilo\u015bci 6 szt. Mo\u017cemy tym samym, wyposa\u017cy\u0107 \u015bredniej wielko\u015bci budow\u0119 w zaplecze magazynowe. Jak r\u00f3wnie\u017c indywidualny plac budowy, w kt\u00f3rym poszczeg\u00f3lne ekipy realizacji, b\u0119d\u0105 mia\u0142y gdzie zje\u015b\u0107 i si\u0119 przebra\u0107.<\/p>\n\n\n\n<p>Zapraszamy do kontaktu. <br> <\/p>\n\n\n\n<p><\/p>\n","protected":false},"excerpt":{"rendered":"<p>Gdyby\u015b, jednak, chcia\u0142\/a zrobi\u0107 co\u015b samemu, bez naszej pomocy, mamy dla Ciebie sprz\u0119t potrzebny na ka\u017cdy etapie budowy. Oferta skierowana jest zar\u00f3wno do ekip budowlanych, kt\u00f3re nie posiadaj\u0105 w\u0142asnego sprz\u0119tu, ale r\u00f3wnie\u017c, do inwestor\u00f3w, kt\u00f3rzy chc\u0105 indywidualnie systemem gospodarczym zrealizowa\u0107 budow\u0119 wymarzonego domu. Do Waszej dyspozycji oddajemy:* Betoniarki* Stemple* Rusztowania* Agregaty tynkarskie* Cykliniarki* Zag\u0119szczarki* Drabiny [&hellip;]<\/p>\n","protected":false},"author":1,"featured_media":0,"parent":0,"menu_order":0,"comment_status":"closed","ping_status":"closed","template":"","meta":{"footnotes":""},"class_list":["post-187","page","type-page","status-publish","hentry"],"_links":{"self":[{"href":"https:\/\/krakowremonty.pl\/index.php\/wp-json\/wp\/v2\/pages\/187","targetHints":{"allow":["GET"]}}],"collection":[{"href":"https:\/\/krakowremonty.pl\/index.php\/wp-json\/wp\/v2\/pages"}],"about":[{"href":"https:\/\/krakowremonty.pl\/index.php\/wp-json\/wp\/v2\/types\/page"}],"author":[{"embeddable":true,"href":"https:\/\/krakowremonty.pl\/index.php\/wp-json\/wp\/v2\/users\/1"}],"replies":[{"embeddable":true,"href":"https:\/\/krakowremonty.pl\/index.php\/wp-json\/wp\/v2\/comments?post=187"}],"version-history":[{"count":9,"href":"https:\/\/krakowremonty.pl\/index.php\/wp-json\/wp\/v2\/pages\/187\/revisions"}],"predecessor-version":[{"id":779,"href":"https:\/\/krakowremonty.pl\/index.php\/wp-json\/wp\/v2\/pages\/187\/revisions\/779"}],"wp:attachment":[{"href":"https:\/\/krakowremonty.pl\/index.php\/wp-json\/wp\/v2\/media?parent=187"}],"curies":[{"name":"wp","href":"https:\/\/api.w.org\/{rel}","templated":true}]}}